{"id":1638,"date":"2018-05-16T11:11:52","date_gmt":"2018-05-16T09:11:52","guid":{"rendered":"http:\/\/esenkonatural.com\/?page_id=1638"},"modified":"2018-08-06T08:08:05","modified_gmt":"2018-08-06T06:08:05","slug":"politica-de-privacidad","status":"publish","type":"page","link":"https:\/\/esenkonatural.com\/?page_id=1638","title":{"rendered":"Pol\u00edtica de Privacidad"},"content":{"rendered":"<div class=\"fw-page-builder-content\">\n<section class=\"fw-main-row \">\n<div class=\"fw-container\">\n<div class=\"fw-row\">\n<div class=\"fw-col-xs-12\">\n<p>Bienvenid@ a eSenKo Natural.<\/p>\n<p>Te confirmo que en este blog se cumple con la normativa de protecci\u00f3n de datos (Ley Org\u00e1nica 15\/1999 de 13 de diciembre de Protecci\u00f3n de Datos de Car\u00e1cter Personal, el Real Decreto 1720\/2007 de 21 de diciembre por el que se aprueba el Reglamento de desarrollo de la Ley Org\u00e1nica y dem\u00e1s normativa vigente). Todos los datos se almacenan en unos ficheros inscritos ante la Agencia Espa\u00f1ola de Protecci\u00f3n de Datos.<\/p>\n<p>Para que navegues por la web, no es necesario que facilites ning\u00fan dato personal.<\/p>\n<p>Los casos en los que s\u00ed pueden facilitarse datos son los siguientes:<\/p>\n<ol>\n<li>Cuando me escribes a trav\u00e9s de tu email o del formulario de contacto de este blog.<\/li>\n<li>Cuando te suscribes a mi lista de correo (newsletter).<\/li>\n<li>Cuando te inscribes en uno de mis talleres.<\/li>\n<\/ol>\n<p>En cada caso, los datos podr\u00e1n ser incorporados a un fichero, del cual soy responsable de su gesti\u00f3n y tratamiento.<\/p>\n<p>No debes preocuparte, la seguridad de tus datos est\u00e1 garantizada, ya que tomo todas las medidas de seguridad necesarias para que sea as\u00ed. \u00danicamente usar\u00e9 dichos datos para la finalidad que se han facilitado. Es decir, para responderte a tus consultas del formulario de contacto o para enviarte informaci\u00f3n de eSenKo a trav\u00e9s de mi newsletter.<\/p>\n<p>En todo momento, los usuarios que as\u00ed lo deseen pueden ejercer sus derechos de oposici\u00f3n, acceso e informaci\u00f3n, rectificaci\u00f3n, cancelaci\u00f3n de sus datos y revocaci\u00f3n de su autorizaci\u00f3n envi\u00e1ndome un email a <a href=\"mailto:esenkonatural@gmail.com\">esenkonatural@gmail.com<\/a>.<\/p>\n<p>A trav\u00e9s de eSenKo fomento el uso de cosm\u00e9tica natural, ofreciendo recetas, consejos de belleza y talleres.<\/p>\n<p>Todos los visitantes que pasen por esta web deber\u00e1n respetar la tem\u00e1tica y din\u00e1mica del site, haciendo un uso adecuado de los servicios y contenidos, en especial:<br \/>\n1. No emplearlos para realizar actividades il\u00edcitas, ilegales o contrarias a la buena fe y orden p\u00fablico.<br \/>\n2. Difundir contenido o propaganda racista, xen\u00f3foba, pornogr\u00e1fica, de apolog\u00eda al terrorismo o que atente contra los derechos humanos.<br \/>\nMe reservo los derechos de eliminar cualquier comentario o aportaci\u00f3n que atente contra las normas de esta web. En ning\u00fan caso ser\u00e9 responsables de las opiniones que los usuarios puedan dejar.<br \/>\nTampoco se permiten comentarios promocionales, insultantes o que vayan contra el buen tono de la web.<\/p>\n<h3>Exclusi\u00f3n de responsabilidad.<\/h3>\n<p>En ning\u00fan caso ser\u00e9 responsable de los perjuicios o da\u00f1os de cualquier \u00edndole que pudieran ocasionarse por la visita a este site, ya sea por error u omisi\u00f3n en los contenidos o por la transmisi\u00f3n de alg\u00fan programa malicioso que se produzca a pesar de haber tomado las medidas tecnol\u00f3gicas necesarias para evitarlo.<br \/>\nEn el caso de los enlaces a webs externas de terceros que puedan citarse en los contenidos, se har\u00e1 \u00fanica y exclusivamente a modo de ejemplo. En ning\u00fan caso se ejerce por esta parte ning\u00fan control de dichas webs, no existiendo por lo tanto responsabilidad al respecto.<br \/>\nNo existir\u00e1 tampoco responsabilidad derivada del uso que el lector pueda hacer de la informaci\u00f3n contenida en nuestra web ni de las consecuencias que dicha aplicaci\u00f3n pueda tener. La informaci\u00f3n contenida tiene un fin did\u00e1ctico de manera generalizada, lo que no puede asemejarse a un asesoramiento personalizado.<\/p>\n<h3>Pol\u00edtica de cookies.<\/h3>\n<p>Esta web utiliza cookies propias y de terceros. M\u00e1s informaci\u00f3n en nuestra <a href=\"http:\/\/esenkonatural.com\/?page_id=1623\"><u>pol\u00edtica de cookies<\/u><\/a>.<\/p>\n<h3>Propiedad intelectual.<\/h3>\n<p>Esta web, su programaci\u00f3n, formato, contenidos, dise\u00f1os, logotipos, textos, gr\u00e1ficos y dem\u00e1s elementos que la constituyen son propiedad de la autora o en su caso disponen de licencia o autorizaci\u00f3n expresa por parte de los autores. As\u00ed, todos los contenidos se encuentran debidamente protegidos por la normativa de propiedad intelectual e industrial.<\/p>\n<p>Independientemente de la finalidad para la que fueran destinados, la reproducci\u00f3n total o parcial, uso, explotaci\u00f3n, distribuci\u00f3n y comercializaci\u00f3n, requiere en todo caso de la autorizaci\u00f3n escrita previa por parte de la autora. Cualquier uso no autorizado previamente por parte de la autora ser\u00e1 considerado un incumplimiento grave de los derechos de propiedad intelectual o industrial de la autora.<\/p>\n<h3>Modificaci\u00f3n del contenido del aviso legal.<\/h3>\n<p>Estas condiciones podr\u00e1n ser modificadas en cualquier momento, atendiendo a la evoluci\u00f3n de esta web y los contenidos en ella ofrecidos.<\/p>\n<p>Si tienes alguna duda sobre el tratamiento de tus datos, escr\u00edbeme.<\/p>\n<\/div>\n<\/div>\n<\/div>\n<\/section>\n<\/div>\n","protected":false},"excerpt":{"rendered":"<p>Bienvenid@ a eSenKo Natural. Te confirmo que en este blog se cumple con la normativa de protecci\u00f3n de&hellip;<\/p>\n","protected":false},"author":1,"featured_media":0,"parent":0,"menu_order":0,"comment_status":"closed","ping_status":"closed","template":"","meta":[],"_links":{"self":[{"href":"https:\/\/esenkonatural.com\/index.php?rest_route=\/wp\/v2\/pages\/1638"}],"collection":[{"href":"https:\/\/esenkonatural.com\/index.php?rest_route=\/wp\/v2\/pages"}],"about":[{"href":"https:\/\/esenkonatural.com\/index.php?rest_route=\/wp\/v2\/types\/page"}],"author":[{"embeddable":true,"href":"https:\/\/esenkonatural.com\/index.php?rest_route=\/wp\/v2\/users\/1"}],"replies":[{"embeddable":true,"href":"https:\/\/esenkonatural.com\/index.php?rest_route=%2Fwp%2Fv2%2Fcomments&post=1638"}],"version-history":[{"count":7,"href":"https:\/\/esenkonatural.com\/index.php?rest_route=\/wp\/v2\/pages\/1638\/revisions"}],"predecessor-version":[{"id":1893,"href":"https:\/\/esenkonatural.com\/index.php?rest_route=\/wp\/v2\/pages\/1638\/revisions\/1893"}],"wp:attachment":[{"href":"https:\/\/esenkonatural.com\/index.php?rest_route=%2Fwp%2Fv2%2Fmedia&parent=1638"}],"curies":[{"name":"wp","href":"https:\/\/api.w.org\/{rel}","templated":true}]}}